g) = -7*g + 5. Give q(6).
-37
Let n(f) = 4*f - 158. Determine n(41).
6
Let i(q) = 2*q + 50. Calculate i(0).
50
Let s(y) = -y**3 - y**2 - 73. Calculate s(0).
-73
Let u(g) = g**3 - 3*g**2 - 2*g - 3. Determine u(3).
-9
Let r(g) = g**3 + 2*g**2 - 3*g + 3. Calculate r(-3).
3
Let z(a) = -2*a + 8. What is z(12)?
-16
Let m(y) = -y**2 + 12*y - 14. What is m(11)?
-3
Let s(v) = 2*v + 3. What is s(-1)?
1
Let u(v) = -v**3 - 6*v**2 - v - 1. Give u(-5).
-21
Let y(i) = -i**2 - 16*i + 294. Calculate y(-27).
-3
Let f(x) = -x**3 - 28*x**2 + 62*x + 55. Determine f(-30).
-5
Let v(r) = -80*r + 236. Give v(3).
-4
Let a(q) = -q + 1. Calculate a(1).
0
Let w(n) = n**2 + 8*n - 3. Give w(-8).
-3
Let a(x) = -7*x + 63. Calculate a(10).
-7
Let p(f) = -f**3 + f - 4. What is p(4)?
-64
Let y(g) = -12*g + 40. What is y(8)?
-56
Let b(d) = d**2 - 15*d - 502. Determine b(-16).
-6
Let z(g) = g**3 + 7*g**2 + 2*g - 25. Calculate z(-6).
-1
Let n(p) = -3*p**2 + 2*p - 22. Determine n(6).
-118
Let o(n) = -n**2 + 6*n. Determine o(4).
8
Let c(n) = -n**2 + 24*n - 44. Give c(22).
0
Let b(u) = u**3 - 19*u**2 - 42*u + 7. What is b(21)?
7
Let c(q) = q**3 + 18*q**2 + 36*q + 21. Calculate c(-16).
-43
Let q(h) = -8*h + 10. Determine q(-4).
42
Let c(k) = -k**3 + 6*k**2 - 11*k + 5. Determine c(4).
-7
Let y(v) = -v**3 - 12*v**2 - 12*v + 28. Calculate y(-9).
-107
Let w(v) = -v**3 + 18*v**2 - 29*v + 1. What is w(16)?
49
Let x(t) = -t**3 - t**2 + 5*t - 12. Calculate x(2).
-14
Let u(g) = g**3 + 11*g**2 + 14*g - 4. What is u(-10)?
-44
Let t(r) = 11*r - 35. Give t(4).
9
Let d(p) = -p**2 + 4*p - 1. What is d(5)?
-6
Let r(a) = a**3 + 10*a**2 + 16*a - 35. Calculate r(-7).
0
Let u(k) = -k**3 - 15*k**2 - 17*k - 9. Calculate u(-14).
33
Let a(x) = -12*x**2 - 3*x. What is a(-2)?
-42
Let i(u) = 3*u + 50. Determine i(-18).
-4
Let n(z) = 11*z - 32. Calculate n(7).
45
Let h(o) = 2*o**3 - 3*o**2 + 4*o - 1. What is h(2)?
11
Let m(i) = 2*i**3 + 48*i**2 + 5*i + 118. Give m(-24).
-2
Let x(q) = -q**3 + 4*q**2 - 5*q + 5. Determine x(3).
-1
Let r(k) = -3*k**2 + 8*k - 13. Calculate r(6).
-73
Let k(l) = l**2 - 10*l - 3. Calculate k(10).
-3
Let v(p) = p**3 - 7*p**2 - 2*p + 4. Calculate v(7).
-10
Let z(c) = -47*c + 329. Determine z(7).
0
Let v(c) = -105*c + 523. Determine v(5).
-2
Let z(q) = q**3 + 11*q**2 - 15*q + 14. Determine z(-12).
50
Let w(y) = 5*y + 4. Give w(8).
44
Let n(x) = -x**2 - 7*x - 14. Calculate n(-10).
-44
Let y(x) = x**3 + 8*x**2 - 130*x - 17. Determine y(-16).
15
Let t(o) = o**2 + 13*o - 25. Determine t(-14).
-11
Let v(n) = -13*n - 1. Give v(2).
-27
Let g(c) = -c**2 - 296*c - 1173. What is g(-4)?
-5
Let s(g) = -g**3 - 12*g**2 - 11*g + 21. Determine s(-11).
21
Let y(d) = -70*d + 212. Determine y(3).
2
Let z(m) = -m + 23. Give z(16).
7
Let h(y) = -y**3 - 9*y**2 - 8*y + 12. Calculate h(-7).
-30
Let z(l) = -156*l**2 + 1. Give z(1).
-155
Let x(v) = v**2 + 20*v + 23. What is x(-16)?
-41
Let v(c) = 17*c + 19. Calculate v(-2).
-15
Let o(f) = -f**2 - 12*f + 19. What is o(-13)?
6
Let y(q) = -68*q - 207. Give y(-3).
-3
Let g(j) = j**2 + 13*j + 14. Give g(-12).
2
Let i(a) = -92*a + 1384. Give i(15).
4
Let d(v) = 23*v**3 - 3*v**2 - 3*v. Calculate d(-1).
-23
Let y(i) = -24*i - 90. Give y(-4).
6
Let u(a) = a**3 + a - 53. What is u(0)?
-53
Let r(j) = -4*j + 30. Determine r(8).
-2
Let u(m) = -11*m + 191. Calculate u(18).
-7
Let u(s) = 2*s**3 - 5*s**2 + 4*s + 5. Determine u(4).
69
Let w(j) = -4*j - 122. Determine w(-27).
-14
Let z(h) = 4*h - 15. Calculate z(9).
21
Let r(s) = s**3 - 22*s**2 + 24*s - 27. What is r(21)?
36
Let f(p) = 2*p + 3. Give f(7).
17
Let h(b) = -b**3 + 2*b**2 + 2*b - 3. Calculate h(3).
-6
Let l(y) = -4*y**2 + 3*y + 36. Give l(-4).
-40
Let r(y) = 2*y**3 - y**2 - 26*y - 5. Give r(4).
3
Let t(x) = -x**3 - 3*x**2 + 4*x + 2. Calculate t(-2).
-10
Let g(c) = -2*c**3 + 7*c**2 + 3*c - 7. Determine g(3).
11
Let a(b) = -b**2 - b + 2. What is a(0)?
2
Let z(c) = -4*c + 51. Determine z(14).
-5
Let r(s) = 3*s + 42. Calculate r(-14).
0
Let p(u) = -11*u**2 + 4*u - 3. Determine p(1).
-10
Let c(r) = -r**2 - 2*r + 8. Give c(-5).
-7
Let f(h) = -h**2 + 7*h - 8. Determine f(6).
-2
Let y(a) = -5*a + 62. What is y(13)?
-3
Let n(q) = -q - 5. Calculate n(-2).
-3
Let j(h) = h**3 - 25*h**2 - 55*h + 14. What is j(27)?
-13
Let z(q) = -q**2 + 2*q + 10. Determine z(-4).
-14
Let z(o) = 10*o**2 - 53*o + 25. What is z(5)?
10
Let m(g) = g**3 + 10*g**2 - 10*g + 12. What is m(-11)?
1
Let i(z) = 4*z - 77. Give i(18).
-5
Let x(i) = 7*i - 1. Determine x(-1).
-8
Let o(j) = -j**3 + 20*j**2 - 72*j - 49. Give o(15).
-4
Let n(o) = -o**2 - 10*o + 65. Determine n(-15).
-10
Let v(u) = -u + 6. Calculate v(9).
-3
Let y(q) = q**3 + 15*q**2 - 40*q - 122. What is y(-17)?
-20
Let x(k) = -k**3 - 6*k**2 + 11*k + 4. What is x(-8)?
44
Let g(d) = -d**3 + 14*d**2 - d + 4. Give g(14).
-10
Let l(h) = -h**2 - h - 5. Give l(3).
-17
Let w(h) = -h**3 + 4*h**2 + 15*h + 3. What is w(6)?
21
Let b(g) = g**2 + 39*g - 8. Determine b(-40).
32
Let k(l) = -l**2 + 4*l + 23. Calculate k(8).
-9
Let l(y) = -y - 5. Calculate l(-2).
-3
Let s(z) = -2*z + 11. Determine s(5).
1
Let s(z) = -9*z**2 + 2*z + 5. What is s(-3)?
-82
Let h(b) = b**3 - 6*b**2 - 9*b + 17. What is h(7)?
3
Let s(r) = -108*r**2 - 2*r + 3. Give s(1).
-107
Let m(j) = 2*j - 14. What is m(11)?
8
Let u(y) = -y**3 - 15*y**2 + 11*y - 65. Determine u(-16).
15
Let d(f) = -3*f + 41. Determine d(14).
-1
Let i(z) = -z**2 + 34*z + 109. Determine i(37).
-2
Let b(j) = -j**3 - 8*j**2 + j + 9. Calculate b(-10).
199
Let f(r) = -5*r + 15. What is f(10)?
-35
Let n(d) = -d**3 + 8*d**2 + d - 1. Calculate n(8).
7
Let j(x) = 11*x**2 - x + 1. Determine j(1).
11
Let z(r) = -r**2 - 16*r - 49. Calculate z(-6).
11
Let h(o) = o**2 + 4*o - 21. Calculate h(-6).
-9
Let w(o) = -o**3 + 6*o**2 - 7*o - 3. Give w(3).
3
Let s(w) = -12*w**2 + 947*w + 85. Give s(79).
6
Let i(c) = -c**3 - 9*c**2 - 7*c + 4. Calculate i(-8).
-4
Let o(m) = 4*m**3 - 3*m + 2. Give o(2).
28
Let d(s) = -s**3 + 10*s**2 - 9*s + 13. Calculate d(11).
-207
Let u(i) = -19*i + 128. Give u(7).
-5
Let z(p) = 4*p + 41. Calculate z(-8).
9
Let m(q) = 2*q**2 - 16*q + 21. Give m(6).
-3
Let y(h) = -5*h**2 + 3*h + 2. Calculate y(5).
-108
Let a(u) = -4*u + 22. Determine a(7).
-6
Let x(o) = o**2 - 17*o + 70. What is x(8)?
-2
Let m(r) = -2*r**2 - 21*r - 82. Determine m(-5).
-27
Let o(d) = -d**3 - 4*d**2 - d - 2. What is o(-4)?
2
Let b(k) = k + 23. Give b(-15).
8
Let b(d) = -31*d + 25. Determine b(2).
-37
Let j(v) = -33*v - 12. Give j(-3).
87
Let d(v) = v**3 - 5*v**2 + 7*v - 5. Give d(5).
30
Let v(j) = -j**2 - 5*j - 12. Determine v(-2).
-6
Let a(g) = 47*g**2 + 5*g + 5. What is a(-1)?
47
Let c(p) = 2*p**3 - 3*p**2 - 4*p + 4. Give c(3).
19
Let y(w) = -w**2 + 20*w + 18. What is y(21)?
-3
Let v(a) = -a**3 + 16*a**2 + 3*a - 35. Calculate v(16).
13
Let k(w) = -w**3 - 7*w**2 + 3*w + 29. Give k(-7).
8
Let n(o) = o - 16. What is n(11)?
-5
Let o(m) = 5*m - 14. Give o(2).
-4
Let i(l) = 4*l + 1. Calculate i(-7).
-27
Let x(c) = -c**3 + 19*c**2 + c + 18. Calculate x(19).
37
Let h(k) = 3*k - 2. What is h(6)?
16
Let u(r) = -r**3 + 8*r**2 - 10*r + 6. Determine u(6).
18
Let p(g) = -28*g**2 - 4*g + 2. Determine p(-2).
-102
Let o(i) = -2*i + 60. Give o(38).
-16
Let m(u) = -u**2 - 4*u - 5. Calculate m(-2).
-1
Let h(q) = 2*q - 6. What is h(-2)?
-10
Let h(d) = -d**3 - 9*d**2 - 18*d + 8. Give h(-6).
8
Let d(f) = 2*f + 11. Determine d(-7).
-3
Let h(j) = -j**3 + 2*j**2 - 2*j + 20. What is h(0)?
20
Let p(h) = -11*h**3 - h**2 + h + 1. What is p(-1)?
10
Let u(q) = -q**2 + 2*q + 16. Give u(-10).
-104
Let u(z) = 30*z. Determine u(1).
30
Let a(q) = -q**3 - 10*q**2 - q + 47. Calculate a(-9).
-25
Let o(m) = 10*m - 47. Determine o(5).
3
Let x(d) = d**3 - 6*d**2 + 14*d - 30. Give x(4).
-6
Let d(n) = -9*n**2 + 45*n + 9. Determine d(5).
9
Let i(w) = 3*w**3 + 1. Determine i(2).
25
Let s(k) = -k + 29. What is s(28)?
1
Let h(g) = 3*g**2 - 3*g + 1. Determine h(-3).
37
Let w(j) = -j**2 - 3*j + 10. Calculate w(-5).
0
Let q(k) = k**3 + 8*k**2 + 10*k + 17. Give q(-7).
-4
Let n(f) = 3*f + 4. Calculate n(7).
25
Let v(d) = -6*d**2 - 15*d + 21. Give v(-3).
12
Let q(j) = 6*j + 6. Determine q(-7).
-36
Let o(x) = x**3 + 14*x**2 - 2*x - 33. Determine o(-14).
-5
Let n(v) = v**2 - 6*v + 5. Give n(4).
-3
Let i(b) = 7*b - 124. What is i(24)?
44
Let k(t) = 2*t